. What is the units digit of l?
1
Suppose -5*o = -3*o. What is the tens digit of (4 - o)*279/18?
6
Let v(q) = 13*q**2 - 2*q. Let z be v(2). Suppose -2*r + z = 5*h, 0 = 2*h - 0*r + 2*r - 18. What is the units digit of h?
0
Let y(w) = w**3 - 9*w**2 - 5*w - 4. Let m(t) = 3*t + 1. Let g be m(3). What is the tens digit of y(g)?
4
Let h = 68 + -35. Let j = -17 + h. What is the tens digit of j?
1
Suppose 0 = -6*s - 2362 + 12898. What is the hundreds digit of s?
7
Let f(c) = -4 + 3*c + 501*c**3 - 502*c**3 + 0 + 2*c**2 + c**2. What is the units digit of f(-4)?
6
Suppose 0*c = 5*a - 2*c - 13584, 0 = -a - 5*c + 2706. What is the thousands digit of a?
2
Suppose -4*s = -0*s - 12. Suppose 0 = 3*n - n - 154. Suppose -4*y - 41 = -5*f + 58, 2*y - n = -s*f. What is the tens digit of f?
2
Let s(y) = y**2 - 9*y + 8. Let w be s(8). Suppose w = 2*l + 11 - 31. What is the units digit of l?
0
What is the hundreds digit of 2*-7*1147/(-74)?
2
Let u be 4/((-16)/(-10))*2. Suppose x + u*y - 266 = -2*x, 4*y + 117 = x. What is the tens digit of x?
9
Let b(g) = -2*g - 7. Let f be b(0). Let i = 92 + f. What is the tens digit of i?
8
Suppose -165203 = -154*b + 17441. What is the tens digit of b?
8
Let c(u) = -u**3 + 3*u**2 - 2. Let b be c(2). Suppose 0*x + x = 5, -2*a + 29 = x. Let l = a - b. What is the units digit of l?
0
Suppose b = -7*b + 80. Suppose -b*r = -5*r - 145. What is the tens digit of r?
2
Let b(x) = x**3 - 2*x**2 - 2*x + 327. Let m be b(0). Let f = 478 - m. What is the units digit of f?
1
Suppose 24779 - 2492 = 23*n. What is the tens digit of n?
6
Suppose 3 = -16*v + 15*v. Let w be (6 + v)*(12 + -1). Let l = w - 9. What is the units digit of l?
4
Let n = 1392 + -244. What is the thousands digit of n?
1
What is the units digit of 0 + 5311 - (-15 + (10 - -8))?
8
Let a(q) = q**2 + q + 45. What is the hundreds digit of a(-11)?
1
Let j = -30 - -34. Suppose j*m - 200 = -m. What is the tens digit of m?
4
Suppose 30*p = 4484 - 1694. What is the units digit of p?
3
Let s be (-208)/36 - (-4)/(-18). Let p be (0 - 3)*(-33)/3. What is the units digit of s/p - (-321)/11?
9
Let n be -8 - (-2 + 3/(-3)). What is the tens digit of (-1 - (n - -5))/(2/(-32))?
1
Suppose 2*s + 3*w = 2, 0*s + w = s + 9. What is the tens digit of (-12)/(-30) + (-238)/s?
4
Suppose x + 3*x = -4*t + 220, -4*x + 215 = 5*t. Suppose 5*v - 176 = v. Suppose v = 4*b - x. What is the units digit of b?
6
Let k be -4 + -3*32/(-12) - -15. Suppose 2*r = 2*t - 10, k = 3*t - r + 2*r. What is the units digit of t?
6
Suppose 0 = -7*q - 13 + 153. What is the units digit of (-16)/q + 654/5?
0
Let i(l) = -50*l + 6. Let j(u) = -17*u + 2. Let a(z) = -3*i(z) + 10*j(z). What is the units digit of a(-1)?
2
Let r be (-16)/((-9)/6 - -1). Let g = r - -21. What is the units digit of g?
3
Suppose 5*b = 14*l - 12*l + 3231, 2*l = -3*b + 1945. What is the tens digit of b?
4
Let x(b) = 70*b - 80. What is the tens digit of x(10)?
2
Suppose -9*n + 12*n = 177. Suppose -d = 2*v - n, -221 = -4*d - 3*v - 0*v. Suppose -67 = -5*f + d. What is the units digit of f?
4
Suppose 12 = -0*n + 3*n. Suppose -2*l + 4 = 2*k, -2*k = n*l - 3*k - 13. Suppose l*s + s - 156 = 0. What is the units digit of s?
9
Suppose 27*m - 32*m + 280 = 0. Suppose -m - 427 = -7*b. What is the units digit of b?
9
Suppose 0 = -49*u + 34*u + 480. What is the units digit of u?
2
What is the units digit of ((-2331)/185)/((-1)/40)?
4
Suppose -2*v = 66 + 36. Let u = 15 - v. What is the units digit of u?
6
Let q(z) = -z**3 + 9*z**2 - 2*z + 9. Let s be q(6). Suppose -4*m + 7 = -s. Suppose -97 = -5*h + m. What is the tens digit of h?
2
Let l = 41 - 37. Suppose 11 = 3*j - 2*t - 69, -l*t + 8 = 0. What is the units digit of j?
8
Let s(f) = f**2 - 2. Suppose 5*r - 21 = -31. Let d be s(r). Suppose 0 = d*q, -2*b + 2*q = b - 78. What is the units digit of b?
6
Let d = -1622 + 2567. What is the tens digit of d?
4
Let g = -3745 - -6384. What is the thousands digit of g?
2
Suppose -18*a - a = -7847. What is the units digit of a?
3
Suppose 0 = 12*o - 9*o - 426. Suppose -2*y - 2*g + 217 + 69 = 0, -y - 2*g = -o. What is the hundreds digit of y?
1
Let q(m) be the first derivative of 10*m**2 - 47*m - 41. What is the hundreds digit of q(10)?
1
Let p be (-10)/45 - (-7576)/72. Let n be 2/(-3) + (-1581)/(-9). Let q = n - p. What is the units digit of q?
0
Let c = -25 + 41. Let r(d) = -d**3 + 17*d**2 - 16*d - 1. Let m be r(c). What is the tens digit of (m/(-3) + 1)*33?
4
Suppose -x = -2*f + 17, 2*f + 2*x - 24 = -4. Suppose 26 = 5*r - f. Let l(z) = 8*z + 2. What is the tens digit of l(r)?
5
Suppose -9*t + 2369 = -4336. What is the hundreds digit of t?
7
What is the tens digit of ((-2)/(-6))/((-64)/(-56256))?
9
Suppose 5*b + 2984 = -0*f + 3*f, -4*b = 4. What is the hundreds digit of f?
9
Let v be 83/2*24/(-4). Let o = -174 - v. What is the tens digit of o?
7
Suppose -4*n + 231 + 109 = 0. What is the tens digit of (-3 - -6)*1*n/3?
8
Let a(c) = 2*c**2 + 3*c - 7. Let f(u) = -3*u**2 - 5*u + 13. Let v(i) = 10*a(i) + 6*f(i). What is the units digit of v(-9)?
0
Let t(h) = h**2 - 16*h - 61. What is the units digit of t(-10)?
9
Let x = 629 + 777. What is the units digit of x?
6
Suppose 26*n + 1786 = 4*r + 23*n, 4*r + 4*n = 1772. What is the hundreds digit of r?
4
Let s(g) = g**2 - 4*g - 3. Let w be s(-2). Let o be (-1474)/(-10) + 6/10. Suppose 5*d - w*d = -o. What is the units digit of d?
7
Let o(u) = u**3 - 3*u**2 - u + 11. What is the tens digit of o(7)?
0
Suppose 5*t - 2819 = -4*l, -4*t = -3*l + 2602 - 480. What is the hundreds digit of l?
7
Suppose 3*o + 11*d = 12*d + 5107, -3*o + 5101 = -4*d. What is the units digit of o?
3
What is the units digit of 2/3 - (-1)/(6/2888)?
2
Let w = -2456 - -6974. What is the hundreds digit of w?
5
Suppose 0 = -0*p + 3*p - 330. Let n(m) = -m**3 + 19*m**2 - 18*m + 2. Let f be n(18). Suppose 2*g = -4*a + p, -g = -f*g + 5. What is the units digit of a?
5
Suppose 185 + 90 = -11*y. Suppose 0*j + 36 = -2*j. Let t = j - y. What is the units digit of t?
7
Let a be -1*(1 - 0 - 1). Let o(r) = -r - 9. Let i be o(a). Let j(d) = -2*d + 12. What is the tens digit of j(i)?
3
Let f(d) = 3*d**2 + 15*d - 25. Let o be f(-12). Suppose 0 = -0*s - s + 79. Suppose -6*z + o + s = 0. What is the units digit of z?
1
Suppose -2*v - v + 7 = 5*s, -14 = -2*v - s. Let p be (0 - -1)/(3/36). Let j = p - v. What is the units digit of j?
3
Let p(s) = -s**3 + 7*s**2 + 4*s + 8. Suppose -12 = -4*l - 0*l. Suppose -2*q - 7 = -l*q. What is the tens digit of p(q)?
3
Let y(f) be the first derivative of f**3/3 - 2*f**2 - 4*f - 98. Let w = 9 - 4. What is the units digit of y(w)?
1
Suppose 0 = -9*l + 38948 + 3559. What is the hundreds digit of l?
7
Suppose -7 = -3*u + 38. Let g = 144 + -106. Let c = g - u. What is the tens digit of c?
2
Let k(b) = -7*b + 3. Suppose -5*g = 17 + 8. What is the tens digit of k(g)?
3
Suppose -3*x + 6*x - 15 = 0. Suppose 5*y - 96 = -v + 103, 0 = -x*y + 4*v + 179. What is the tens digit of y?
3
Suppose 0 = -5*y + 3*t + 14, -4*t - 6 = -2*y - 3*t. Suppose 71 = y*k - 57. What is the units digit of k?
2
Let u(a) = -46*a - 83. What is the units digit of u(-16)?
3
Let j(m) = -m**2 + 18*m + 3. Let v be j(18). Suppose -440 = -4*t + r + 99, v*t = r + 405. What is the hundreds digit of t?
1
Let h = -3 + -59. Let u = h + 357. What is the hundreds digit of u?
2
Let q(j) = -88*j + 3. Let y be q(2). Let a = -120 - y. What is the tens digit of a?
5
Let o be -1 - (-3 - (-2)/(-2)). Suppose o*s = p - 139, -5*s = -p + 168 - 33. What is the units digit of p?
5
Let f = 270 + -181. Let m(t) = 52*t - 1. Let n be m(-1). Let a = f + n. What is the units digit of a?
6
Let m(q) = -q**3 + 8*q**2 + 4. Let b be m(8). Suppose b*v - 1 = -5. What is the units digit of (333/18)/(v/(-2))?
7
What is the hundreds digit of (-6)/4*(4 + -906)?
3
Let y be 2 + -13 + (-1 - 2). Let z = -11 - y. Suppose -17 = -u - 4*c, -u - 5*c + 12 = -z. What is the units digit of u?
5
Suppose -160 = 9*a - 14*a. Let f = a - -41. What is the units digit of f?
3
Let y = 387 - -762. Suppose 3*m + y = 5*w, 4*w + 3*m - 7*m - 916 = 0. What is the units digit of w?
1
Suppose -8*m = -19*m + 66. What is the units digit of m?
6
Let t(h) = 45*h**3 + 4*h**2 - 15*h + 18. What is the thousands digit of t(3)?
1
Let n = 3097 + -532. What is the tens digit of n?
6
Supp